s the value of (1 - 0 - (-16 + 18)) + -3?
-4
What is the value of 4 + -8 + 2 + -3 + 7?
2
(-5 - 0) + 2 - -11
8
What is (-1 - -8) + 2 + -5 - 0?
4
What is -12 + 23 + 5 + -7?
9
What is 6 + -2 - 0 - 2?
2
Calculate (0 - 13) + (-21 - -44).
10
What is the value of (0 - (0 + -1)) + (52 - 59)?
-6
Calculate (-1 - -4) + -1 + -5.
-3
What is 3 - (2 + 2) - -2?
1
Evaluate (-9 - -2) + -2 + 16.
7
Evaluate 9 + (8 - (2 - -24)).
-9
Evaluate 16 + -8 + -4 + -2.
2
Calculate (-16 - -1) + (15 - 9) + 2.
-7
Evaluate 2 + 3 + (0 - 6) + -3.
-4
-6 + -2 + -15 + 31
8
Evaluate -4 + (5 - -6) + -5.
2
What is the value of -8 - (26 + -31 - (0 + 1))?
-2
What is 1 + -5 - (-9 + -2)?
7
(-6 - (-2 + -7)) + -7
-4
Evaluate -1 + -1 - (-1 - 6).
5
Calculate (-13 - -9) + 6 - 5.
-3
Calculate 0 + -1 - (26 - 28) - 6.
-5
Evaluate (0 - 3 - 0) + 7.
4
(0 - -2) + 56 + -60
-2
Evaluate -11 + 33 + -10 - 10.
2
Evaluate -1 - ((5 - 0) + -2 + 0).
-4
Evaluate (1 - 5) + (-6 - -26) + -14.
2
(-8 + 3 - -4) + 2
1
Evaluate 5 + 5 + (7 - 10) + 1.
8
What is the value of -12 - (7 + -8 - 6)?
-5
What is 7 - (-8 - -11 - -8)?
-4
Evaluate (-1 + -5 - -4) + 3.
1
Calculate -7 - (7 - 8 - 5).
-1
What is the value of 2 - (-10 + 6 + -8 - -8)?
6
Calculate 0 + (0 + -6 - -1) - -3.
-2
3 + (-6 - (5 + -2 + -4))
-2
Evaluate -9 + 1 + (20 - 6).
6
Evaluate -4 - -8 - 10 - -8.
2
Evaluate 4 + 6 - (-4 - -10).
4
Evaluate 11 + -18 - -8 - (-7 + -1).
9
Calculate (-1 - 3 - 2) + -8 + 9.
-5
-4 - (-3 + (-1 - -4))
-4
Calculate -1 - (-4 + 9 + -2).
-4
What is the value of (-2 + 1 + 6 - -4) + -5?
4
What is the value of -14 - (-11 - -7) - -16?
6
(14 - 5) + -13 - -5
1
(-3 - (-2 - 2)) + 38 + -35
4
What is (0 - 3) + -1 + (6 - 4)?
-2
What is the value of (2 - (8 + -1)) + -5 + 6?
-4
4 - (4 + -4) - (3 - -3)
-2
Evaluate 13 + -5 + -12 - (-1 - 7).
4
What is -5 + (1 - -5) + -7 + 4?
-2
0 + (-2 - -2) + 0 - -1
1
What is (-6 - 1) + 12 + -2?
3
Evaluate 4 - ((-2 + -1 - -1) + 2).
4
What is the value of 7 - (0 - (5 - (6 - 1)))?
7
Evaluate -4 + 7 + (4 - 9).
-2
Calculate -103 + 102 - (1 + -1 + 2).
-3
Calculate 24 + -23 - (1 - 1).
1
What is (-6 - 3) + -14 + 17?
-6
What is (-9 - 2) + 0 + 2 - -4?
-5
Evaluate -12 + 6 + (2 - -1).
-3
What is the value of -6 + 3 - (-3 - -4)?
-4
Evaluate -3 - (8 + -5 + -2).
-4
What is 3 - (5 - (-3 - -3))?
-2
Evaluate (22 - 27) + -1 + 1.
-5
Evaluate (-5 - (-1 + -6) - -4) + -2.
4
Calculate -1 + 5 + 2 + -6 - 1.
-1
What is the value of (-64 - -52) + -4 + 24?
8
What is the value of 3 - 12 - (-9 - -1)?
-1
-4 - (6 - (-4 - -3 - -10))
-1
-3 - (-2 + (-1 - 1) + -2)
3
-3 + (-8 - -5) + (0 - -6)
0
What is the value of 4 - (1 + -1 + 5) - 4?
-5
What is the value of 9 + 0 + -1 - 5?
3
4 - (15 + -7 + 13 + -13)
-4
Calculate (-3 - -6) + 1 + -4 - 4.
-4
What is (-2 - -2) + 2 - (1 + 1)?
0
What is 7 - (8 + -5 - -4)?
0
(-10 - -14) + (-1 - -3) - -2
8
Evaluate -2 + 1 - ((1 - 3) + 5).
-4
Evaluate 45 + -41 + 1 + 0.
5
2 + -1 + (-21 - -13) + 10
3
Evaluate 2 + -1 + 0 + (4 - 1).
4
Calculate 0 + (-4 - -7) - (-3 - -1).
5
What is the value of 8 + -20 + 5 + -9 + 9?
-7
What is the value of 1 - 13 - (-62 + 57)?
-7
Evaluate -7 - (9 - 5 - 10).
-1
What is the value of 2 - (5 + (4 + -3 - -1))?
-5
Calculate -2 + (24 - 16) + (-2 - 10).
-6
Evaluate -8 - (5 + -4 + -8).
-1
What is the value of (2 - 11) + -2 - -2?
-9
Evaluate 0 - (-2 + -2 + 4) - -2.
2
What is (-8 - (2 + -2)) + -142 + 146?
-4
Calculate -2 - (6 - (1 + 2 - 0)).
-5
(-1 + 6 - 9) + 5 + -2
-1
What is the value of 5 + 0 + (-13 - (-16 - -12))?
-4
Evaluate -2 - (1 + 0 + -3).
0
What is the value of 0 - 1 - (3 - (5 + -4))?
-3
0 + (-1 - -2) + -3 + -3
-5
Calculate 1 + 3 - (19 + -11).
-4
What is (1 - (0 - 1)) + (-15 - -13)?
0
2 + (-3 - -5) + 2 + 0
6
What is the value of 3 + 3 + 1 + (1 - 3)?
5
Calculate -7 + 6 - ((-1 - -3) + -3).
0
-1 + 2 + (1 - 4) - 3
-5
What is the value of (11 - 2) + (-7 - (-5 + 2))?
5
Calculate -3 + 1 - (-2 - 1 - 1).
2
What is (8 - (-10 - -23)) + 0?
-5
What is the value of (10 + 4 + -10 - 6) + 0?
-2
Evaluate -2 + (1 + 6 - (-26 + 23)).
8
What is the value of -4 - (3 + 0 + -3 + 1)?
-5
(-1 - 6 - (-96 - -91)) + 1
-1
3 + (4 - 3) + -7 - 1
-4
What is the value of (-8 - (-8 + 4 + -3)) + 8?
7
What is -7 - -1 - (-114 + 105)?
3
What is -2 + 4 - ((15 - 1) + -12)?
0
-1 - (-4 + (10 - 3))
-4
3 - (0 + 3) - -3
3
1 - 6 - (-2 + -2)
-1
-11 - (3 + (-4 - 11))
1
Evaluate (-3 - -9 - 1) + -19 + 14.
0
What is the value of 2 + 5 + -5 + -5 + -1?
-4
-4 + (-14 - -11) - 2
-9
(13 + -10 - 4) + 2 + 5
6
Evaluate 3 + (-6 + -1 - -5).
1
What is the value of 4 + 2 + -2 - 6?
-2
What is 5 - (5 + -4 + 6)?
-2
Calculate -10 - -8 - (1 + -1 - 6).
4
-6 - -3 - (3 + -6)
0
Evaluate (8 - 3 - 3) + (-2 - 1).
-1
Evaluate 4 + -3 + 4 + -3.
2
Calculate -1 + 0 - (-91 + 93).
-3
Calculate (7 - 7 - 7) + 0.
-7
What is the value of 5 - (0 - (5 + (5 - 15)))?
0
What is the value of 2 - 0 - -5 - (38 - 32)?
1
What is 68 + -58 + (-15 - 1)?
-6
What is (7 - -2) + 0 + (-14 - -9)?
4
What is (16 - 12) + (-2 - 0)?
2
What is -2 + -2 + 1 - 3?
-6
What is 2 - 2 - (-6 - (0 + 0))?
6
What is the value of (-7 - ((9 - 17) + -9)) + -4?
6
What is the value of -1 - (-2 + 1 - (-5 + 5))?
0
What is -60 + 61 - (2 + 0 + 1)?
-2
What is 3 + 2 + (-8 + 23 - 10)?
10
4 - ((3 - 5) + 8)
-2
Calculate (2 - (4 + 0)) + 0.
-2
What is 2 + (4 - 3) + -3 - -1?
1
(13 - -1) + 37 + -46
5
Evaluate (1 - 3 - 0 - -6) + -1.
3
What is the value of (5 - (0 - -3)) + 4?
6
Evaluate 7 - (7 - 8) - 2.
6
Calculate 1 - (-2 + (0 - (3 - 1))).
5
Calculate -6 + -2 + (6 - -1) - 7.
-8
Calculate (-11 - -1) + 2 + 5.
-3
Evaluate (3 + -2 - 4) + 1.
-2
Calculate 6 + -3 + -3 - 0 - 0.
0
7 - (2 + (-10 - -3) + 7)
5
What is -2 + (6 - (-7 + 26)) - -7?
-8
Calculate -3 - -1 - (-13 + 7 - -4).
0
Evaluate -141 + 144 + 0 + -2 + -5.
-4
Evaluate 7 - (12 + -4) - -8.
7
Evaluate 7 + -1 + 2 + -10 - 3.
-5
What is 0 + (5 - (3 + 2))?
0
Calculate (-48 - -47) + (-2 - 2).
-5
Calculate 18 + -26 + (-1 + 4 - 1).
-6
Evaluate (5 + -5 - 5) + 7.
2
Evaluate 7 - 0 - (1 + (-5 - -6)).
5
Evaluate (-2 + 3 - (-3 + 5)) + -5.
-6
Calculate 3 + -3 + (-5 - -11) + -11.
-5
Evaluate 2 + (9 - 9 - -4).
6
What is 7 + -6 + (-6 - (-3 + 0))?
-2
Calculate 6 + (50 + -49 - (7 + 1)).
-1
What is (9 - (-5 + 7)) + 21 + -19?
9
What is 0 - (-8 - (-13 - 2))?
-7
Calculate 5 + 1 - (7 - 4).
3
What is the value of (14 - (-14 + 32)) + -5?
-9
Evaluate (-16 - -7) + 13 - 1.
3
What is the value of (1 - 8 - 0) + (1 - 4)?
-10
What is 1 + -4 - 2 - (-2 - -1)?
-4
(5 + -4 + -3 - -1) + 4
3
2 - -5 - 6 - 8
-7
Evaluate -15 - -16 - (1 - 0).
0
What is the value of -8 + 2 + -9 - -7?
-8
Evaluate -5 - (-8 - (5 - 13 - -4)).
-1
Evaluate -1 - -5 - (5 + 0) - 5.
-6
(-3 - 1) + (6 - -5) + 0
7
Evaluate -5 - (-5 - -4) - 1.
-5
Evaluate 4 + -11 + (13 - -2) + -2.
6
Evaluate -5 + 8 + -2 + 0 + -4.
-3
What is -2 - -3 - (1 + 3 + -5)?
2
Evaluate (-4 - -12 - 0) + -10.
-2
-2 - (-6 + -5 + 6 + -2)
5
Calculate 4 - ((-5 - 0) + (7 - 3)).
5
8 - (7 + -5 + 6 + -5)
5
Evaluate -2 - (0 - (6 + -6)).
-2
Evaluate 3 + (2 - 0) + -2.
3
Calculate 4 - 10 - (-12 + 12).
-6
Evaluate -1 + 1 + 3 - 0.
3
Calculate 7 + -10 + 4 + -4.
-3
Calculate 4 - (-7 + 2 - -13).
-4
What is the value of 1 + 1 + 1 + 2 + -12?
-7
Calculate -3 - (-4 + (4 - 0) + -6).
3
What is the value of 5 + (-7 - -3 - -1)?
2
What is the value of 4 - (-6 - ((-11 - 4) + 6))?
1
Calculate (-2 - (4 - 3)) + (-3 - -3).
-3
Calculate 2 + -1 + 1 + (8 - 13).
-3
-10 + (2 - 1) + 0
-9
0 - (4 + -2 + 0 - 7)
5
(-2 - -2) + (3 - -1)
4
What is the value of 5 - 4 - (-1 + -3) - 9?
-4
Calculate (-2 - -3) + 4 - 2.
3
Evaluate 13 + (-5 - 7 - 0).
1
What is the value of -4 - (-11 + 6) - 2?
-1
What is -17 - (-3 + 6) - -11?
-9
What is -2 - -1 - (2 + -4)?
1
What is the value of -3 + 8 + -6 + 2?
1
What is 2 + -1 + (2 - (-2 - -4))?
1
(0 - (-3 - -3)) + 8 + -7
1
Calculate 12 - 22 - (-10 + 4).
-4
Calculate (2 - -12) + (-3 + -7 - -5).
9
What is the value of 10 + (-6 - -2) - 3?
3
Calculate (-7 - (-1 + -10)) + -5.
-1
What is (0 - -9) + -6 + 1?
4
Evaluate 2 + 4 + (-5 - -5) + -4.
2
What is the value of -1 + 2 + -4 + 9 + -9?
-3
Calculate (-2 - (4 + 2)) + 6.
-2
What is (4 - (-5 + 2)) + -6 - 7?
-6
0 + (4 - (6 + -5)) - 8
-5
8 + -8 + 2 + -8 - -4
-2
Calculate 0 + 10 + (1 + 0 - 7).
4
(6 - (11 + -3)) + 1 + 4
3
What is -1 + 2 + (3 - 7)?
-3
What is the value of 8 - (1 + -5) - 13?
-1
Evaluate -7 + (1 - -6) + 5.
5
What is the value of 2 + (7 - 13) + 4?
0
Evaluate 5 - 0 - (-